{"id":1616,"date":"2014-03-27T16:43:29","date_gmt":"2014-03-27T16:43:29","guid":{"rendered":"http:\/\/www.beltex.com.ar\/?page_id=1616"},"modified":"2021-06-13T14:12:18","modified_gmt":"2021-06-13T14:12:18","slug":"empresa","status":"publish","type":"page","link":"https:\/\/www.beltex.com.ar\/br\/empresa\/","title":{"rendered":"Empresa"},"content":{"rendered":"\n<p id=\"block-dbfd3bcb-140e-4e38-816e-21fe9e346a13\"><br>Nascida como f\u00e1brica t\u00eaxtil, fundada por Santiago E. Ingratta em 1948, Beltex voltou a produ\u00e7\u00e3o de seus primeiros teares para a ind\u00fastria da moda, especialmente para seus acess\u00f3rios.<\/p>\n\n\n\n<p id=\"block-196123fd-3d69-4030-b516-3335b5006f2d\">Com o tempo, incorporou novas m\u00e1quinas, aumentou sua capacidade de produ\u00e7\u00e3o e desenvolveu novos produtos, tais como cachec\u00f3is, destacando-se comercialmente e elaborando, sob licen\u00e7a, linhas exclusivas para importantes grifes internacionais.<\/p>\n\n\n\n<p id=\"block-4ef7a7ae-27cb-40b3-b037-17f34d98eb5b\">A partir de 1980, Beltex ampliou seus horizontes, focalizando, tamb\u00e9m, a produ\u00e7\u00e3o e exporta\u00e7\u00e3o de produtos t\u00eaxteis para o conforto dos passageiros de companhias a\u00e9reas, tais como mantas, tecidos ignifugos para poltronas de avi\u00f5es e apoios para cabe\u00e7a, observando as normas e regulamenta\u00e7\u00f5es da FAA.<\/p>\n\n\n\n<p id=\"block-8ef46f48-0223-475f-b557-e1f10d81c872\">O desenho, o desenvolvimento e a produ\u00e7\u00e3o de mantas de v\u00f4o, realizados por Beltex, foram acolhidos favoravelmente, no mercado internacional e a empresa tornou-se fornecedora de importantes linhas a\u00e9reas, tais como RIOSUL, PLUNA, VARIG, NORDESTE, TAM, TRANSBRASIL, LLOYD, A\u00c9REO BOLIVIANO, LAPA, DINAR, AEROMAR, AVIACSA, GOL, BRA, AEROL\u00cdNEAS ARGENTINAS, AUSTRAL, AEROLINEAS DEL SUR, TRANSAERO AIRLINES.<\/p>\n\n\n\n<p id=\"block-3b0f730e-844c-4c7a-bd20-bd36d7158d6c\">Todos os modelos fabricados por Beltex cumprem a norma 25853b da FAA, s\u00e3o 100% elaborados com fibra acr\u00edlica ignifuga ou com l\u00e3 patag\u00f4nica com processo ignifugo e s\u00e3o entregues com os logotipos impressos ou bordados.<\/p>\n\n\n\n<h2 class=\"wp-block-heading\"><\/h2>\n","protected":false},"excerpt":{"rendered":"<p>Nascida como f\u00e1brica t\u00eaxtil, fundada por Santiago E. Ingratta em 1948, Beltex voltou a produ\u00e7\u00e3o de seus primeiros teares para a ind\u00fastria da moda, especialmente &hellip; <\/p>\n","protected":false},"author":2,"featured_media":0,"parent":0,"menu_order":0,"comment_status":"closed","ping_status":"closed","template":"","meta":{"ngg_post_thumbnail":0,"footnotes":""},"class_list":["post-1616","page","type-page","status-publish","hentry"],"translation":{"provider":"WPGlobus","version":"3.0.0","language":"br","enabled_languages":["es","de","fr","ru","it","gb","br"],"languages":{"es":{"title":true,"content":true,"excerpt":false},"de":{"title":true,"content":true,"excerpt":false},"fr":{"title":true,"content":true,"excerpt":false},"ru":{"title":true,"content":true,"excerpt":false},"it":{"title":true,"content":true,"excerpt":false},"gb":{"title":true,"content":true,"excerpt":false},"br":{"title":true,"content":true,"excerpt":false}}},"_links":{"self":[{"href":"https:\/\/www.beltex.com.ar\/br\/wp-json\/wp\/v2\/pages\/1616","targetHints":{"allow":["GET"]}}],"collection":[{"href":"https:\/\/www.beltex.com.ar\/br\/wp-json\/wp\/v2\/pages"}],"about":[{"href":"https:\/\/www.beltex.com.ar\/br\/wp-json\/wp\/v2\/types\/page"}],"author":[{"embeddable":true,"href":"https:\/\/www.beltex.com.ar\/br\/wp-json\/wp\/v2\/users\/2"}],"replies":[{"embeddable":true,"href":"https:\/\/www.beltex.com.ar\/br\/wp-json\/wp\/v2\/comments?post=1616"}],"version-history":[{"count":21,"href":"https:\/\/www.beltex.com.ar\/br\/wp-json\/wp\/v2\/pages\/1616\/revisions"}],"predecessor-version":[{"id":5452,"href":"https:\/\/www.beltex.com.ar\/br\/wp-json\/wp\/v2\/pages\/1616\/revisions\/5452"}],"wp:attachment":[{"href":"https:\/\/www.beltex.com.ar\/br\/wp-json\/wp\/v2\/media?parent=1616"}],"curies":[{"name":"wp","href":"https:\/\/api.w.org\/{rel}","templated":true}]}}

<p id="block-dbfd3bcb-140e-4e38-816e-21fe9e346a13"><br>Nascida como fábrica têxtil, fundada por Santiago E. Ingratta em 1948, Beltex voltou a produção de seus primeiros teares para a indústria da moda, especialmente para seus acessórios.</p>



<p id="block-196123fd-3d69-4030-b516-3335b5006f2d">Com o tempo, incorporou novas máquinas, aumentou sua capacidade de produção e desenvolveu novos produtos, tais como cachecóis, destacando-se comercialmente e elaborando, sob licença, linhas exclusivas para importantes grifes internacionais.</p>



<p id="block-4ef7a7ae-27cb-40b3-b037-17f34d98eb5b">A partir de 1980, Beltex ampliou seus horizontes, focalizando, também, a produção e exportação de produtos têxteis para o conforto dos passageiros de companhias aéreas, tais como mantas, tecidos ignifugos para poltronas de aviões e apoios para cabeça, observando as normas e regulamentações da FAA.</p>



<p id="block-8ef46f48-0223-475f-b557-e1f10d81c872">O desenho, o desenvolvimento e a produção de mantas de vôo, realizados por Beltex, foram acolhidos favoravelmente, no mercado internacional e a empresa tornou-se fornecedora de importantes linhas aéreas, tais como RIOSUL, PLUNA, VARIG, NORDESTE, TAM, TRANSBRASIL, LLOYD, AÉREO BOLIVIANO, LAPA, DINAR, AEROMAR, AVIACSA, GOL, BRA, AEROLÍNEAS ARGENTINAS, AUSTRAL, AEROLINEAS DEL SUR, TRANSAERO AIRLINES.</p>



<p id="block-3b0f730e-844c-4c7a-bd20-bd36d7158d6c">Todos os modelos fabricados por Beltex cumprem a norma 25853b da FAA, são 100% elaborados com fibra acrílica ignifuga ou com lã patagônica com processo ignifugo e são entregues com os logotipos impressos ou bordados.</p>



<h2 class="wp-block-heading"></h2>

<p>Nascida como fábrica têxtil, fundada por Santiago E. Ingratta em 1948, Beltex voltou a produção de seus primeiros teares para a indústria da moda, especialmente &hellip; </p>
